- 147. Let p be j(-12). Suppose p = 5*h + 960. What is the highest common factor of 27 and h?
27
Suppose -44 - 124 = -7*t. Let m be (t/30)/2*15. Let v = 55 + -13. What is the highest common divisor of v and m?
6
Let d(b) = -1541*b - 180. Let f be d(-4). Calculate the greatest common factor of 44 and f.
44
Suppose 4*q = -4, -5*n + 65 = -3*q - 23. Let f = -1571 - -1656. Calculate the highest common divisor of f and n.
17
Suppose x - 86 = 22. Suppose -15*p + 14*p = -756. What is the greatest common divisor of p and x?
108
Let m be ((-321)/12)/(1 - 40/32). What is the greatest common divisor of 4601 and m?
107
Suppose 12 = -3*o, -w + 5*o + 276 = 8*o. Suppose 15*t - 6*t - w = 0. Calculate the highest common factor of 544 and t.
32
Let v be (-466)/(-52) + (-46)/(-1196). Calculate the highest common divisor of v and 69.
3
Let b be 8 + (-5 - 0) + (-34)/2. Let q(c) = -7*c + 14. Let m be q(b). Let r = m - 21. What is the highest common divisor of r and 13?
13
Let o be (-8)/(-4)*(-2 - -27). Suppose 45 = 41*l - o*l. Let g be (-8)/(-36) + l/((-135)/1614). What is the highest common factor of g and 15?
15
Suppose 0 = 24*v - 53 - 19. Let p(s) = -s**2 + 8*s - 6. Let h be p(5). Suppose -v*x = -h*x + 12. Calculate the highest common divisor of x and 22.
2
Let s = -235 + 468. Let i = s - 25. Calculate the highest common factor of 13 and i.
13
Let m = -562 + 965. Suppose m = -15*a + 3523. What is the highest common factor of a and 13?
13
Suppose -4*q + 48*b + 2231 = 47*b, -1682 = -3*q - b. Calculate the greatest common divisor of 430 and q.
43
Let o be ((-492)/205 - -6)*-10*2/(-6). What is the greatest common factor of o and 195?
3
Let r be (2 + -1)*42*240/28. Suppose 2*a + 3*f - 24 = 0, a + 6*f - 2*f - 12 = 0. Calculate the greatest common factor of a and r.
12
Let v = -5326 + 5466. Calculate the greatest common divisor of 500 and v.
20
Let s = 7 + -6. Let o be (-8)/(-3)*(5 + (-28)/(-16)). Suppose -5*n + o = 13. Calculate the greatest common divisor of n and s.
1
Let i be ((-82)/(-6))/((-1)/(-27)). Let s(w) = 7*w**2 + 48 + 3 + 0*w**2 + 2*w**2 - w**3 + 9*w. Let v be s(10). What is the highest common factor of i and v?
41
Let z(p) = 6 + 14*p**3 + 32*p + 2 - 15*p**3 - 10*p**2. Let l be (1 - 3) + (-6 - 5). Let c be z(l). What is the highest common divisor of c and 11?
11
Let v(r) = 5*r + 30. Let o be v(-10). Let a be -5*((-32)/o - 1). Let x be (2/(-3) - -2) + (-140)/a. What is the highest common divisor of 3 and x?
3
Suppose 0 = -6*r - 1394 + 1478. Suppose 4*k - r = 2*w, 5*w - 11 = 4*k - 16. Suppose -2*v + 4 = -2. What is the highest common divisor of w and v?
3
Suppose -5*u - 2*f = -363 - 637, 0 = 3*u - 3*f - 579. Calculate the greatest common divisor of u and 2673.
99
Let w be 3/(12/16) - 2. Suppose 3*q - 3 = 0, -2*d - w*q - 3*q = -27. Let l be (-2952)/(-99) + 2/d. What is the highest common factor of 20 and l?
10
Let w(t) = -3*t - 9. Let q be w(-6). Let s(o) = -o**3 - 16*o**2 + 4*o - 2. Let h be s(-16). Let p = 147 + h. What is the highest common divisor of p and q?
9
Let z(g) be the second derivative of 0 - 1/3*g**4 - 3*g + 9/2*g**2 - 1/20*g**5 + 13/6*g**3. Let x be z(-6). What is the greatest common divisor of x and 6?
3
Let s = 2772 - 1786. Calculate the greatest common divisor of s and 272.
34
Let w be 232/3 - -1 - 46/(-69). Suppose 0 = w*g - 83*g + 64. What is the highest common divisor of g and 12?
4
Let y = 9723 - 9714. Let z(f) be the first derivative of 3*f**2 - 3*f - 2. Let m be z(8). What is the greatest common divisor of y and m?
9
Suppose -2*a + 75 = 3*a. Let s = -73088 + 73145. Calculate the highest common factor of s and a.
3
Suppose 0 = 2*o + 4*o - 1194. Let k = o + -182. Calculate the greatest common divisor of 34 and k.
17
Let d(f) = -f**3 + 31*f - 7. Let l = 267 + -273. Let h be d(l). Let q(c) = 253*c**2 - c - 1. Let v be q(-1). Calculate the highest common factor of h and v.
23
Let c be (42/28)/(6/2432). Suppose 4*d = 42*d - c. What is the greatest common divisor of 400 and d?
16
Suppose -215*r = -192*r - 2116. Calculate the highest common divisor of r and 10304.
92
Let x = 166 + -170. Let l be 16/4 + -5 - x. Let u(w) = -w**3 + 8*w**2 - 6*w - 1. Let g be u(7). What is the highest common factor of l and g?
3
Let g = 279 - 164. Let f(t) = -28*t**3 + 17*t**2 - 9*t - 11. Let s be f(-2). Calculate the highest common divisor of s and g.
23
Suppose -4*y + 260 = 4*n, 0*y = 4*n + 3*y - 264. Suppose 15303 = 28*f - 5949. Calculate the highest common divisor of f and n.
69
Suppose -4*u + u = -6. Suppose -4*y - 24 = u*y. Let p(f) = f**3 + 5*f**2 - 2. Let g be p(y). What is the highest common divisor of 7 and g?
7
Let f be 4/(-1 - -3)*2. Suppose 0 = f*c - 4*l, 2*l + 20 = c + 5*l. Let t be c/10 + 10/4. What is the highest common divisor of 3 and t?
3
Let c = 983 - 941. Calculate the highest common divisor of c and 3514.
14
Let q = 32 + -34. Let f be 0/(q - (3 + -4)). Let l be 26 + -8 - (2 + (f - 2)). Calculate the highest common divisor of 24 and l.
6
Let m be 1*-4*(-5)/4. Let g(x) = -x**3 - 4*x**2 - 8*x - 45. Let d be g(-5). Let c be (0 + d/(-14))/((-35)/245). What is the greatest common factor of m and c?
5
Suppose -12368*a + 40898 = -12346*a. What is the highest common factor of 715 and a?
143
Let z = 14994 + -14917. Calculate the highest common divisor of 88 and z.
11
Suppose -30*s - 1007 + 5687 = 0. What is the highest common factor of 1716 and s?
156
Let a(n) = -10*n. Let q be a(-2). Let i be (-98)/(-10) + 4/q. Suppose -149*v + 11480 = 15*v. Calculate the highest common factor of i and v.
10
Suppose 12 = -10*f + 12*f, 4*p = f + 29210. Calculate the highest common divisor of 22 and p.
22
Suppose -50*b = -53*b + 38475. What is the highest common divisor of 135 and b?
135
Suppose 0 = 5*q - 10*q + 60. Let c = 179 + 119. Let i = c - 296. What is the highest common divisor of i and q?
2
Suppose -4*q + 3*o = o - 950, 4*q = 3*o + 953. What is the greatest common factor of 59 and q?
59
Let a = -18018 + 18048. Let z = 4 + -1. Suppose -2*u + 40 = -5*j, z*u = -5*j - 21 + 81. Calculate the highest common divisor of u and a.
10
Suppose -y = -0*g + g - 37, -4*y = -4*g - 156. Let k be 7/(-2)*11526/(-119). Let j = k + 79. Calculate the highest common divisor of y and j.
38
Suppose 129*j + 433 - 2884 = 0. What is the greatest common divisor of j and 19969?
19
Suppose -2626 - 6889 = -11*b. Calculate the highest common factor of b and 5.
5
Let v(n) = n - 6. Let f = 37 + -24. Let j be v(f). Suppose 0 = -3*q - 2*w + j, 3*w + 2 = -q - 5. What is the highest common divisor of q and 25?
5
Let p = -16 + 18. Let k = p + 3. Suppose -4*b - 2*v = -k*b + 27, 3*b + 3*v - 108 = 0. What is the greatest common factor of b and 44?
11
Suppose 69 = -3*i + 87. Suppose -32*q + 33*q = 29. Let o = q + 85. What is the highest common factor of o and i?
6
Let m be (1530/1700)/((-9)/(-5820)). What is the greatest common divisor of 6596 and m?
194
Let q(t) = -t**3 + 24*t**2 - 11*t - 4. Let a be q(21). What is the highest common divisor of 12 and a?
4
Suppose -17*u + 24*u = 1785. Calculate the highest common factor of u and 1615.
85
Suppose -2*a - 40895 - 25983 = -3*o, -o - 3*a = -22289. Suppose 7823 = -21*p + o. What is the highest common divisor of 159 and p?
53
Suppose 4*v = -28, -303*g + 307*g - 179 = 5*v. Calculate the highest common divisor of 1452 and g.
12
Suppose 25*h + 23*h = 13*h + 87185. Calculate the greatest common divisor of h and 235.
47
Let y = -44 + 11. Let j be ((-11)/y)/(2/24). Suppose -2*u - 5*r = -327, -j*u - 249 = -2*r - 963. Calculate the greatest common divisor of 16 and u.
16
Let j(z) be the second derivative of z**3/6 - 17*z**2 + 16*z. Let c be j(12). Let x = c + 26. Calculate the highest common divisor of x and 10.
2
Suppose -3*z - 17*i = -18*i - 60, -84 = -4*z + 2*i. What is the highest common factor of z and 6714?
18
Let f(v) = 125*v**3 + 6*v - 10. Let s be f(2). What is the highest common divisor of s and 6?
6
Let w = -76234 - -76254. Let x be 1/3 - (-284)/3. Calculate the greatest common divisor of w and x.
5
Let r(p) = 2*p**3 + 2*p**2 - 11*p + 407. Let o be r(0). What is the highest common divisor of 481 and o?
37
Suppose -2*k = -8*k - 72. Let h be (-3)/(-1) - k/(-7 + 3). Suppose -386 = -5*q + p, -2*q + 156 = -h*p - 2*p. Calculate the greatest common factor of q